32). Suppose 0 = 5*q - 2*c - 105, 2*q = -3*q + 4*c + 105. What is the greatest common divisor of q and n?
7
Suppose 2*a - 5*o = 155, -2*a + 242 = a + 2*o. Calculate the greatest common factor of 5 and a.
5
Suppose 21*u - 472 = 95. Calculate the highest common factor of 288 and u.
9
Let f be 416/20*10/4. Let h = -31 + f. Let v be (-422)/(-5) - (-2)/(-5). What is the highest common factor of h and v?
21
Let t(c) = 3*c + 133. Let z be t(-38). Calculate the highest common divisor of 437 and z.
19
Let u = 293 + -292. What is the greatest common factor of u and 3?
1
Let c(x) = -2*x**2 + 15*x - 14. Let j be c(6). Suppose -4*h - j*n + 203 = -477, 5*h = -3*n + 840. Calculate the highest common divisor of 66 and h.
33
Suppose -7*r + 10 = -2*r. Suppose -3*a + 295 = 2*p, 4*p = -5*a + r + 583. What is the highest common divisor of 20 and p?
20
Let s = -738 + 813. What is the highest common factor of s and 120?
15
Let w = 115 + -94. Suppose -4*h = -2*k + 44, k = -2*k - 3*h + w. What is the highest common factor of 84 and k?
12
Let i be 134 + (0 + -4)/4. Let n = i - 127. Suppose -5*m = -4*m - 54. What is the highest common factor of m and n?
6
Let o = 169 + -156. What is the greatest common factor of 65 and o?
13
Let v be 0 + -2 + (-11)/(-1). Let i(s) = s**3 - 9*s**2 + 4*s - 22. Let n be i(v). Suppose 3*o + 0 = 84. What is the highest common divisor of o and n?
14
Let h = -25 - -30. Let z(a) be the second derivative of -a**4/12 + 7*a**3/6 - 4*a**2 + 8*a. Let d be z(h). Calculate the greatest common factor of d and 2.
2
Suppose 5*d - 22 = -2. Let p = 703 - 691. Calculate the highest common factor of d and p.
4
Let l be (-2)/(-8) - (-199)/4. Let a = 1002 + -977. What is the greatest common factor of l and a?
25
Suppose o + 24 = -3*o. Suppose 0 = 3*i + 102 - 63. Let p = o - i. What is the greatest common factor of p and 28?
7
Suppose 1213 = 5*q + 3*j, 1209 = 15*q - 10*q - j. Suppose 4*w - 92 = t, 2*t + 2*t - 94 = -5*w. Calculate the greatest common factor of q and w.
22
Let h be -3*10*3/(-2). Suppose -2*k + 4*b - 16 = 0, 0*b + 3*b - 7 = -k. Let r(p) = -15*p. Let w be r(k). Calculate the highest common divisor of w and h.
15
Let q be (-12)/(-6) - -2*(-9)/(-2). Let w(g) = -9*g - 5. Let c be w(-3). What is the greatest common factor of q and c?
11
Let j(n) = n**3 - 2*n**2 - 6*n + 4. Let a be j(4). Let k = -4 + a. Let h be (-5 - -1)*(-26 - -22). Calculate the highest common divisor of k and h.
8
Suppose 0 = -4*l + 4*f + 52, -5*l - 31*f + 41 = -28*f. Calculate the greatest common divisor of l and 830.
10
Let u = -50 - -48. Let o be 3*(u + (-4 - -9)). Calculate the greatest common divisor of 9 and o.
9
Suppose -695 + 15 = -5*h. Let k = -1108 + 1125. What is the greatest common divisor of k and h?
17
Let g be -2 - (4 - (-92)/(-16))*20. Let i(z) = 5*z**2 - 4*z. Let t be i(3). Calculate the greatest common divisor of t and g.
33
Let b be 6258/17 + (-112)/952. Calculate the highest common factor of b and 23.
23
Let r(w) = -2*w - 4. Suppose -2*n - 11 = -n. Let u be r(n). Calculate the greatest common factor of 162 and u.
18
Let b(o) = 5*o**2 - 3*o - 2. Let f be b(-2). What is the greatest common factor of f and 132?
12
Suppose 1880 + 6556 = 74*g. Calculate the greatest common divisor of g and 6.
6
Let o = -8 - 22. Let h = 28 + o. Let f = 3 + h. Calculate the highest common divisor of 1 and f.
1
Let g(v) = -116 + 13*v - 3*v + 108. Let w be g(4). What is the highest common divisor of 8 and w?
8
Suppose -30*m + 265 - 25 = 0. Let y(w) = -w**3 + 4*w**2 + 4*w - 3. Let q be y(4). Let u = q + 43. What is the highest common divisor of m and u?
8
Let q be (-4)/1 - (2 + -6). Suppose -5 = 3*p - j - 0, q = 3*p + 5*j - 7. Let h be (11 + -3)/(p/(-14)). What is the greatest common divisor of h and 14?
14
Suppose -74 = -2*i - 4*x + 7*x, 0 = 2*i - x - 66. What is the highest common divisor of i and 93?
31
Let h(j) = -93*j - 32. Let g be h(-2). What is the highest common divisor of g and 88?
22
Let d(j) = j**2 - 2*j - 1. Let f be d(3). Suppose 0 = -f*y - 0 + 4. Suppose y*a - 10 = -2*n, n + 4*a - 7 = -2. Calculate the highest common factor of n and 40.
5
Let p = 167 + -165. Calculate the greatest common factor of p and 2.
2
Let x = 88 - 85. Let v be 12*(3 - 1 - -3 - x). What is the highest common divisor of v and 36?
12
Let n = 12 + -16. Let a be (-24)/(-36) - n/3. Let y = -4 + 18. What is the greatest common divisor of y and a?
2
Let b be (-364)/(5/1 + 198/(-36)). What is the highest common factor of 52 and b?
52
Let y(f) = 3*f - 78. Let x be y(27). What is the highest common divisor of x and 1?
1
Suppose 0 = 5*s - 43 - 22. Suppose 0 = -8*x + 60 - 972. Let y be 1/(x/117*1 + 1). Calculate the highest common divisor of y and s.
13
Let n(r) = -16*r - 4. Let z be n(-5). Suppose -z = -q - q. Suppose 0*y - q = -2*y. What is the greatest common factor of 133 and y?
19
Let h = 75 + -35. Calculate the greatest common factor of h and 40.
40
Let c(o) = o**2 - 5*o + 2. Let q be c(6). Let s be 20 + (-7)/(28/q). Let f be 148/s - 2/9. Calculate the greatest common divisor of f and 4.
4
Suppose 4*r - 819 = 457. Calculate the highest common factor of 33 and r.
11
Let v be 42/77 - 3460/(-110). Suppose 3*r = -s + 10, 3*s + 8 = -s. Calculate the highest common divisor of v and r.
4
Let q(j) = j**3 + 4*j**2 + 6. Suppose -34*c + 32*c - 8 = 0. Let v be q(c). Calculate the highest common factor of v and 2.
2
Let x be (-6 + 6 + -1)*1064/(-2). What is the highest common factor of 152 and x?
76
Let n(y) = 3*y - 5. Let m be n(6). Suppose 2*l = 5*l + 3*k - 417, -3*l - 4*k + 413 = 0. What is the greatest common divisor of m and l?
13
Let t be -1 + 7 + (-4 - (4 + -6)). Suppose -t*p + 44 = 2*h - 3*p, 3*h + 3*p - 63 = 0. What is the greatest common divisor of h and 161?
23
Let n(v) = -5*v**2 - 4*v - 3. Let o be n(-2). Let a be 33960/(-51) + 2/(-17). Let r be (-6)/(-10) + a/o. Calculate the greatest common factor of 9 and r.
9
Let z be (-1)/2*2*-19. Let a = 32 - z. What is the greatest common divisor of a and 65?
13
Let h = 5 - 0. Let v be 38/10 - 2/(-10). Suppose 5*g + 9 = -l, 0 = 4*l + g + v - 6. Calculate the greatest common factor of h and l.
1
Let n(u) = 4*u**3 - 12*u**2 - 14*u + 73. Let q be n(9). What is the highest common factor of 31 and q?
31
Suppose 2*h + 8 = 2*n - 2*h, -3*n + 12 = h. Suppose a - 17 = 2*c, -a + n*c + 18 = 1. Calculate the greatest common divisor of 34 and a.
17
Suppose -3*z - 148 = -7*z. Calculate the greatest common divisor of z and 851.
37
Suppose 45*z = 37*z + 4264. Suppose 15*f - z - 157 = 0. What is the greatest common divisor of f and 2?
2
Suppose 0 = -4*s + 3*m - 27, -5*s + 4*s + 3*m = 0. Let k be (-6)/(-4) + s/(-18). Calculate the greatest common factor of k and 6.
2
Let o be 4/2 - 19*-2. Suppose -8*g = -0*g + 248. Let y = o + g. Calculate the greatest common factor of y and 36.
9
Let a(k) = 26*k**2 + 5*k - 15. Let l be a(2). Suppose -98*r - 308 = -l*r. Calculate the highest common factor of 28 and r.
28
Let h = 448 - 403. What is the highest common factor of 9 and h?
9
Let n be (-36)/8*(-100)/6. Let y = 174 - 251. Let a be n/11 + (-14)/y. What is the highest common divisor of 77 and a?
7
Suppose -2*b - 8 = 2*b. Let h be (b/(-6))/((-7)/(-63)). Suppose -10 + 52 = h*x. Calculate the highest common factor of 154 and x.
14
Suppose 6*w = w + 15. Suppose -4 = -w*h + h. Suppose -h*t = -t - 8. What is the greatest common factor of 48 and t?
8
Suppose s - 40 = -s. Suppose 5*t + 0*y = -2*y + 48, 2*t + y - s = 0. What is the greatest common divisor of t and 1?
1
Let j(n) = n**3 - 51*n**2 - 49*n - 124. Let f be j(52). Let t = -70 - -166. What is the greatest common divisor of f and t?
32
Let f = -54 - -79. Let h(q) = -q**2 - 17*q - 8. Let t be h(-16). Let g be (-4)/t*-8 + 1. What is the highest common divisor of g and f?
5
Let h be (1 - 4) + 68/17. Let w be (99/15)/(h/30). Calculate the greatest common divisor of 22 and w.
22
Suppose -3*i + 300 = t - 4*t, 0 = 3*i - 2*t - 299. Suppose -231 = -25*r + 4*r. What is the highest common divisor of r and i?
11
Suppose -f = 3*t, 2*t = 4*t + 5*f. Let m(h) = -h**3 - h**2 - h - 3. Let y be m(t). Let b = 17 - y. What is the highest common divisor of b and 20?
20
Suppose 5*p - 5*o = 3*p + 22, 4*p = -4*o + 100. Let c = 6 + 57. Let u be 4/(-14) - (-459)/c. What